at is the highest common factor of a and 180?
18
Let i = -2746 + 2962. Let x(d) = 135*d**3 - d**2 - d + 2. Let m be x(1). What is the greatest common factor of i and m?
27
Let t = 171 + -171. Suppose 33*g - 9*g - 504 = t. What is the highest common divisor of g and 84?
21
Let a = -2689 - -1039. Suppose 16 = -4*b, 0*b - b - 14 = -p. Let d be (p/(-15))/(4/a). Calculate the highest common factor of 25 and d.
25
Let x be ((-1)/(14/200))/(234/(-819)). Suppose 4*s = t - x, 46 = 3*t + 3*s - 29. Calculate the greatest common factor of 270 and t.
30
Let r(n) = n**3 + 12*n**2 + 9*n - 8. Let c be r(-11). Suppose 599*m = 1151*m - 3864. Calculate the highest common divisor of m and c.
7
Let u(n) = -2*n + 13. Let v be u(2). Let l = v + 66. Let q(x) = x**3 + x**2 - 2*x + 15. Let z be q(0). What is the greatest common divisor of l and z?
15
Suppose 0 = 4*f + q - 4472, 5590 = 232*f - 227*f + q. What is the greatest common divisor of f and 117?
13
Let h = 6565 + -6535. Calculate the greatest common divisor of 55 and h.
5
Suppose -p = -2*x - 19, 2*x + 2*x - 5*p = -53. Let y be x - -104 - 4*1/4. What is the highest common divisor of 336 and y?
48
Suppose -2*v = v - 4*m - 779, 3*v = 3*m + 777. Let q = 2726 + -1863. Suppose q = 10*c - v. Calculate the greatest common factor of 14 and c.
14
Suppose 1005*c - 1001*c = -5*w + 2357, 4*c - 2349 = 3*w. Calculate the highest common divisor of c and 96.
12
Let b(v) = v**2 + 21*v - 128. Let h be b(6). What is the greatest common factor of h and 2414?
34
Suppose -3*s + 2384 + 1345 = 0. Calculate the greatest common divisor of s and 99.
11
Let u(d) = -381*d - 2571. Let l be u(-7). What is the greatest common factor of l and 9?
3
Let k = 2607 + -2568. What is the greatest common divisor of 57 and k?
3
Let s = 0 + 3. Let p be (-4)/(-12)*-3 + s. Suppose -2*c - p*j + 228 = 0, 5*c + j = 141 + 421. Calculate the highest common factor of c and 168.
56
Suppose -y - 39 = 303. Let z = -212 - y. Calculate the highest common divisor of z and 91.
13
Let o be (20 + (-2)/(-2))*2313/771. Calculate the highest common factor of 147 and o.
21
Let o = -20362 + 20392. Calculate the greatest common divisor of o and 2510.
10
Suppose -2*w + 9*w - 210 = 0. Let v be ((-252)/(-15))/((-9)/w). Let k = v - -83. Calculate the greatest common factor of 189 and k.
27
Suppose 49 = 16*f - 23*f. Let s be f*4/(-56)*(63 + 1). What is the highest common factor of 112 and s?
16
Let a = -99 + 65. Let b be a/(-9) - 26/(-117). Suppose 0 = b*y - t - 552, -3*t + 552 = 4*y - 5*t. Calculate the greatest common factor of 6 and y.
6
Suppose 5*q - 224 - 176 = 0. Suppose -314*a + 2 = 2*f - 312*a, -2*f = 3*a + 2. What is the greatest common factor of q and f?
5
Suppose -25*c + 6775 = -28162 - 89813. Calculate the greatest common factor of c and 10.
10
Let b be ((-24)/16)/((-3)/26). Let p = -10 - 7. Let c(x) = -5*x + 19. Let y be c(p). What is the highest common factor of y and b?
13
Let y = 551 + -166. What is the greatest common factor of y and 7?
7
Let z = -73 + 113. Let i = z - 34. Suppose -i*s - 13 + 139 = 0. Calculate the highest common factor of 21 and s.
21
Let m be 2/8 - (-606)/8. Suppose 0 = -2*v - 10, -3*q - 3*v - 512 + 545 = 0. Calculate the greatest common factor of q and m.
4
Suppose -5792*y + 5778*y + 182 = 0. What is the highest common factor of 1157 and y?
13
Suppose s - 122 - 40 = 0. Calculate the highest common divisor of s and 10.
2
Let d be -1*(-320)/(-30)*6/(-1). Suppose d = 47*u - 31*u. What is the highest common factor of 4 and u?
4
Let j = -22 + 88. Let d = -3482 - -3488. What is the highest common divisor of j and d?
6
Let f(m) = -m**2 + 102*m - 279. Let z be f(8). Calculate the greatest common factor of z and 33.
11
Suppose 7*u - 5*s - 520 = 5*u, -2*u = 5*s - 520. Suppose 3*q - 1311 = -5*j, 4*q - u = -3*j + 531. Calculate the greatest common divisor of 29 and j.
29
Let v = 77 - 45. Suppose -72*o + 382 = -1850. Suppose o*k = v*k - 70. What is the greatest common divisor of 28 and k?
14
Let v(b) = -2*b - 19. Let l(i) = -i. Let n(s) = 3*l(s) - v(s). Let p be 6/(-2) + (4 - -4). Let a be n(p). Calculate the highest common divisor of a and 154.
14
Suppose -11*l + 2*l = -270. Let k(d) = -99*d + 9*d**2 + 91*d - 5 + 0*d**2 + d**3. Let t be k(-5). What is the highest common factor of t and l?
15
Suppose -10*n - 11 + 1 = 0. Let y be 63 + (42*n)/(-7). What is the greatest common factor of y and 6?
3
Let k be 12/18*6*(-402)/(-8). Let j = k - 123. What is the greatest common factor of 195 and j?
39
Let p be 12/14*(30/(-6) + -2). Let a(w) = -w**3 + 4*w**2 + 5*w - 10. Let k be a(p). Suppose 4*m = -m + k. What is the greatest common factor of 32 and m?
32
Let q = 37 - 31. Suppose -2*y - 72 = -q*y. Let a = 126 + y. What is the greatest common factor of a and 16?
16
Let d = -1 - -11. Let a(v) = -9 - 5*v**2 + 7*v + d*v**2 - 3*v**2. Let o be a(-10). What is the greatest common factor of 11 and o?
11
Suppose 3*n = -3*n - 6. Let y(m) = -19*m - 4*m**3 + 18*m - 10*m**3. Let v be y(n). Calculate the greatest common factor of 6 and v.
3
Let s(j) = 2*j**2 + 8*j - 9. Let o = -54 - -47. Let y be s(o). What is the greatest common divisor of y and 363?
33
Let i = 153 + -37. Let r be i/14 - 4/14. Suppose -3*w = 2*n - 220, 5*w = -3*n + 304 + 62. Calculate the highest common divisor of r and w.
8
Let l = -5932 + 6404. Calculate the highest common factor of l and 2242.
118
Let r be (100/225)/(12/45) + (-21)/(-9). What is the highest common divisor of r and 254?
2
Let z = 4 + 3. Suppose 64*f + 2256 = 112*f. Suppose -z + f = 4*m. What is the highest common divisor of 15 and m?
5
Suppose 64*i - 62*i = -4*u + 468, 0 = 6*u - 48. What is the greatest common divisor of 10 and i?
2
Let u(c) = -2491*c - 8464. Let b be u(-4). Calculate the greatest common divisor of 675 and b.
75
Let x = 22370 + 1050. Calculate the highest common factor of 20 and x.
20
Let y = 3144 - 2935. Calculate the greatest common divisor of 693 and y.
11
Suppose 35 = 5*r + 5*y, -2*y = 2*r + 2*r - 28. Let z(u) = -2*u - r*u - 4*u - 7*u - 4. Let k be z(-7). What is the highest common divisor of k and 17?
17
Suppose 2*q = 23 - 7. Suppose q = 2*g - 6. Let k = 204 + -183. What is the greatest common factor of g and k?
7
Suppose -9*g = -64*g + 6820. Let y be (-2)/(-2)*(1 - -43). Let w = g - y. Calculate the highest common divisor of 10 and w.
10
Suppose 84 = 4*h - 120. Let u be (553 - 552) + (1*201)/3. What is the highest common factor of u and h?
17
Let v = -3 + 10. Let m(n) = 3*n**2 - 107*n + 72. Let q be m(35). Suppose -12 = -4*h, 0*o - q*o + 149 = 3*h. Calculate the greatest common divisor of v and o.
7
Let w = -219 + 219. Let l be 0 - (-3 + w/(-4)). Let n(k) = k + 27. Let r be n(0). What is the highest common divisor of r and l?
3
Suppose 12*j - 103*j + 31395 = 0. What is the highest common factor of 6417 and j?
69
Let g be (1160/(-15))/(-8)*9/1. Suppose g = -5*u + 437. Let h be 16*(-2 - (-15)/4). What is the highest common divisor of h and u?
14
Let g = -133 - -187. Let q = 21309 - 21303. Calculate the greatest common divisor of g and q.
6
Suppose -3*a = 5*k - 5977, 4787 = -36*k + 40*k - 3*a. What is the highest common divisor of 276 and k?
92
Let g be 2*-1*(-5 - -3). Suppose 504 = -0*z + g*z. Suppose -16*y = -2*y - 196. What is the highest common factor of y and z?
14
Let n(m) = m**3 + 9*m**2 - 59*m - 410. Let v be n(-6). What is the highest common divisor of v and 572?
52
Let v(d) = -d. Let q(k) = 4*k**3 - 5*k**2 - 7*k + 8. Let i(j) = q(j) + 2*v(j). Let h be i(3). What is the highest common factor of h and 33?
11
Suppose -3520 = -44*p - 0*p. What is the highest common divisor of p and 30?
10
Suppose 176*s = 168*s. Suppose 2*y - 2*c - 20 = s, c - 40 = -4*y + 3*c. What is the highest common divisor of 10 and y?
10
Let y = -2202 + 4644. What is the greatest common factor of y and 66?
66
Suppose 2*d + 4670 = 3*g, 103*g - 106*g + 4*d + 4684 = 0. What is the greatest common factor of 64 and g?
16
Suppose 2*u - 5*n = 304, 2*n + 760 = 4*u + u. Let s = 256 + -183. Suppose s = 6*l - 41. What is the greatest common factor of l and u?
19
Suppose 4*u = -2*t + 2010 - 512, -2*u - 2*t = -752. Suppose 275 + u = 6*c. What is the highest common divisor of c and 12?
12
Suppose 4*d + 25 = 6*d + 5*n, d - 4*n + 7 = 0. Suppose d*p + 14*m - 11